).
-12
Let t(i) = i**2 + i. Let l be 69/(-15) - 8/20. Let p be (-8)/(-7) + l/35. Give t(p).
2
Let x be (-1354)/30 + 36/270. Let o = x - -40. Let y(k) = 2*k + 2. Give y(o).
-8
Suppose 3*p = 6 - 21. Let n(q) be the first derivative of q**4/4 + 2*q**3 + 5*q**2/2 + 5*q + 19. What is n(p)?
5
Suppose 0 = 2*s - 1 - 1. Let q(i) be the first derivative of -19*i**4/4 + i**3/3 + 6. What is q(s)?
-18
Let m(q) = q**2 + 8*q - 18. Let g be m(-10). Let p(a) = 11 + 21 + 0*a - 25 - g*a. Determine p(5).
-3
Let n = -27 + 29. Let f(d) = 1 - 6*d - 69*d**2 + n + 70*d**2. Calculate f(7).
10
Let z(n) = n**2 - 4*n - 4. Let i be z(4). Let q(j) = -j**2 - 17*j + 9. Let d be q(-17). Let g(k) = 9*k + 6 - d + 2*k - 14*k. What is g(i)?
9
Let t(c) = -6*c - 14. Let d(y) = 7*y + 14. Let x(f) = 5*d(f) + 6*t(f). Calculate x(-12).
-2
Let r(u) = -u**2 - 17*u - 17. Let b(t) = 17*t + 35. Let f be b(-3). What is r(f)?
-1
Let d(g) = 21*g - 8*g + 2*g**2 + 5 - 20*g. Determine d(4).
9
Suppose 5*y = 3*s - 14, -3*y - 6 = 6. Let l = 15 - 13. Let r(j) = -2*j - l*j**2 + 0 - 6 + 6. Calculate r(s).
-4
Let n(s) be the second derivative of -s**5/2 + s**4/4 - s**3/2 + 8*s + 48. Give n(2).
-74
Let o(i) = 9*i + 81. Let z = -1642 - -1634. Give o(z).
9
Let y(v) = 11*v - 92. Let q(l) = 5*l - 43. Let w(j) = -7*q(j) + 3*y(j). What is w(0)?
25
Let r(g) = g**3 + g**2 - 5. Let s(c) = 2*c**3 - 17*c**2 + 11*c - 24. Let x be s(8). What is r(x)?
-5
Suppose 2*a = -4 + 6. Let m(w) = w**2 - 3*w + 4*w**3 - 5*w + 9*w - a. Let p(o) = o**2 - 3*o + 3. Let i be p(2). Give m(i).
5
Suppose -4*n - 2*b = n - 3, -5*b = 5. Suppose 2 = 3*x - 1. Let z(o) = o + 0*o + x - 5*o. Determine z(n).
-3
Let a(h) = -h + 1. Suppose 3*g + 2*x - 7 = 0, 5*x = -4*g - 0*g + 7. Let o(w) = 0 - g*w + w - 2*w + 1 - w**2. Let j be o(-3). Determine a(j).
-3
Let i(o) be the second derivative of o**4/12 + 5*o**3/6 + 2*o**2 - 11*o. Let u = -26 - -21. What is i(u)?
4
Suppose 0 = -r - 1 + 11. Let c(d) = 0*d**3 + 2 + d**3 + 4*d**2 - r*d**2 + 3*d**2. Give c(3).
2
Let f(a) = -a**2 - 5*a + 1. Suppose y + 3*y + 30 = 5*k, -3 = -4*k - y. Suppose 4*p - 2*p - 38 = 5*r, -4*p = -k*r - 28. Determine f(r).
-5
Let n(j) = j**2 - 15*j - 12. Let v be n(16). Suppose 7*i + 3 = -v. Let c(x) = -10*x + 1. Give c(i).
11
Let g(j) = -9*j. Let z be g(-1). Let u(x) = -8*x + 4 + 5 + z*x. Calculate u(0).
9
Let x(r) = -r**2 + 3*r - 5. Suppose -10*q = 3*q - 52. Calculate x(q).
-9
Let s be (43/(-258))/((-5)/18). Let h(k) be the second derivative of 5*k + 0 + 0*k**4 + 0*k**2 - 1/6*k**3 - s*k**5. Calculate h(1).
-13
Let m(f) = -f**3 - 5*f**2 - 2*f + 5. Let r(l) = -11*l - 8*l + 3*l + l**2 + 14 - 3. Let s be r(15). Let x be m(s). Let c(a) = -a**2 + 2*a + 4. Give c(x).
-11
Let n(x) be the second derivative of x**7/2520 + x**6/80 + 2*x**4/3 - 23*x. Let q(a) be the third derivative of n(a). Calculate q(-8).
-8
Let c = -6 - 2. Let g(m) be the second derivative of -m**4/12 - 4*m**3/3 + 3*m**2/2 - 13*m. What is g(c)?
3
Suppose 12 = 3*y + 6. Suppose -3*l + 13 = -q, y*q + 11 = 5*l - 10. Let r(h) = -1 + 2*h + 2 - 6*h - 3*h - h**q. Determine r(-6).
7
Let b be (2 - -5) + (35 - 33). Let x(z) = -4*z + 30. What is x(b)?
-6
Let o(i) = -7*i**3 - 7*i**2 + 5*i + 14. Let b(w) = -30*w**3 - 29*w**2 + 21*w + 56. Let d(p) = -3*b(p) + 13*o(p). What is d(-4)?
6
Let a = 223 - 224. Let h(z) = -4*z**2 + z + 2. What is h(a)?
-3
Let x(f) be the third derivative of f**5/60 + 7*f**4/24 - f**3 - 139*f**2 - 2*f. What is x(-9)?
12
Let n(w) be the first derivative of w**3/3 - 3*w**2 + 9*w - 28. Calculate n(6).
9
Let l(k) be the first derivative of -5/2*k**2 + 30 - 2*k. Calculate l(-2).
8
Let n(h) = -h**3 - 6*h**2 - 2*h - 8. Let k be n(-6). Let q(t) = t**2 - 5*t + 3*t + 0*t**2 - 1 + k*t. What is q(-5)?
14
Let z(k) be the first derivative of -k**2/2 - 6*k + 33. What is z(-2)?
-4
Let v(o) be the first derivative of -o**3/3 + 9*o**2/2 - 3*o + 43. Suppose -8 = -3*j - 4*h + 8*h, 0 = 5*j - 2*h - 32. Determine v(j).
5
Let l(x) = x - 9. Let r be (-610)/(-30) + (-4)/(-6). Suppose q = r - 14. Calculate l(q).
-2
Let k(m) = m**3 + 2*m**2. Let g(l) = 5*l**3 + 7*l**2 + l - 1. Let q(w) = -2*g(w) + 9*k(w). Suppose 6 + 0 = 3*f. Suppose -f*v = -5*v + 12. Give q(v).
-6
Let p(w) = -w**3 - 4*w**2 + 2*w. Let h be p(-4). Let i be 3/2*(4 + h). Let n be ((-1)/(3/i))/(-2). Let s(c) = 7*c**2 + c + 1. Determine s(n).
7
Let q(g) = g**3 - 5*g**2 + 5*g + 1. Let j be q(4). Let w(a) = -2 + 154*a - 52*a - 101*a. Give w(j).
3
Let r(w) = 28*w - 10. Let o(g) = 9*g - 3. Let u(q) = 10*o(q) - 3*r(q). Let d be (0 - (-2 - -1))*-1. Determine u(d).
-6
Let t(r) be the first derivative of -r**3/3 - 3*r**2/2 + 13*r + 179. Give t(-6).
-5
Suppose 34 - 14 = 5*k. Let o be 1*-4*4 + k. Let u be 186/24 - (-9)/o. Let c(q) = q - 6. Calculate c(u).
1
Suppose 3 = -3*f + 6. Suppose -3*r = -4*r + 4. Let u(z) = -4 + 3 - 3*z + 8*z - r*z. Calculate u(f).
0
Let p be ((-141)/(-188))/((-2)/(-8)). Let v = 0 + 1. Let c be (p/4)/(v/4). Let u(y) = y + 3. Determine u(c).
6
Let z(b) = b + 6 - 3 + b. Suppose -593*t + 595*t - 8 = 5*d, -2*d + 4 = -2*t. Calculate z(t).
-9
Suppose 2*j - 13 = -1. Let g(r) be the second derivative of r**4/12 - 7*r**3/6 + 3*r**2/2 - 31*r. Calculate g(j).
-3
Suppose -m + 5*m = 40. Let p(r) = -m*r + 10*r - 5 - 2 - r. Calculate p(-5).
-2
Let y(n) = n**2 + 6*n - 4. Let r = 29 + -26. Let o be 9/(0 + r/(-2)). Calculate y(o).
-4
Let l(x) = x + 3. Let b be 1/(-7) + (-2 - (-1)/7). What is l(b)?
1
Let o(r) = r + 6. Let x = -5 + -1. Let l be o(x). Suppose -q - 9 + 4 = l. Let y(j) = -j**2 - 5*j - 6. What is y(q)?
-6
Let z = -1200 - -1177. Let d(h) = 2*h + 43. Determine d(z).
-3
Let c(j) = -2*j + 1. Let f(t) = 3*t. Let p(b) = -3*c(b) - 4*f(b). Let l(i) = 1 + 4 - 7 - 3*i + 0. Let z(d) = 5*l(d) - 3*p(d). Determine z(4).
11
Let w(r) be the first derivative of 7*r**3/3 - r**2/2 + r + 84. Determine w(1).
7
Let z be ((-2)/6)/(1/(-3)). Let a(v) = -v**2 - 2*v - 1. Let j(x) = -2*x**2 - 3*x - 2. Let u(f) = 5*a(f) - 3*j(f). What is u(z)?
1
Let z(p) = -p**3 + 9*p**2 + 11*p + 11. Let c(g) = -g**3 - 11*g**2 + 7*g - 50. Let k be c(-12). What is z(k)?
21
Let q(k) = 6*k + 5*k - 18*k + 0*k + k - k**2 + 14. Give q(-7).
7
Let j(d) = -d**2 + 8*d + 12. Suppose 0 = 10*s - 6*s - 5*b - 35, 4*s - 42 = -2*b. What is j(s)?
-8
Let w(n) = n**2 + 3*n - 5. Let d be w(-4). Suppose 0 = 4*o - 5*h - 168, -o + 58 = -4*h + 5. Let z(a) = -2*a**2 - 1 - o*a + 35*a - a**2. Calculate z(d).
-2
Let d(i) = -i**2 + 9*i - 9. Let c(w) = -7*w - 5. Let u be c(-1). Suppose 4*t - 4 = -j + 5, -4*j + u*t + 36 = 0. What is d(j)?
-9
Suppose 0 = -6*v + 1 + 29. Let a(i) be the second derivative of 1/2*i**2 - 1/20*i**v - 3*i + 0*i**3 + 0 - 1/12*i**4. What is a(-1)?
1
Let s(y) = -y**2 + 8*y - 4. Let g = 238 + -231. Calculate s(g).
3
Suppose -4*m - 9 = 3*a, a + 12 = 5*m - 3*a. Let t(s) = 2*s**2 - 4 + 4*s + s**3 + s - 5*s**2 + m. Calculate t(3).
11
Let b = -368 + 372. Let t(s) = 3*s - 8. Determine t(b).
4
Let c(k) be the first derivative of k**3/3 + 13*k**2/2 + 2*k - 758. Calculate c(-13).
2
Let v(c) = -c**2 - 13*c - 9. Let k be (-2)/((45/(-63))/(-5)). Determine v(k).
-23
Let a(i) = i**2 - i. Let w(x) = 6*x**2 - 5*x + 4. Let m(l) = 5*a(l) - w(l). Let u be (-2)/(-3) - 4/(-3). Suppose 4*g - u*g = 0. What is m(g)?
-4
Let u(k) = 2*k**2 + k. Let o(s) = s**3 + 19*s**2 - 22*s - 24. Let h be o(-20). Let g be 2/3 + (-42)/9. Let f be (-4)/(h + g)*3. Determine u(f).
1
Let f(v) be the third derivative of v**6/720 + v**5/120 + 17*v**4/24 + 12*v**2. Let w(p) be the second derivative of f(p). Calculate w(6).
7
Suppose -3*y = 4*y - 21. Let p(d) = 0*d + y - 3*d - d + 3*d. Calculate p(0).
3
Let w(m) = -2*m - 11. Let z = -43 - -43. Determine w(z).
-11
Let j(w) = -w**3 + 10*w**2 - 3*w + 23. Suppose 35 = p + 5*y, 5*y - 5 = -3*p + 50. Give j(p).
-7
Let n(b) = 11*b + 4. Let d(t) be the first derivative of -5*t**2/2 - 2*t + 2. Let x(k) = -9*d(k) - 4*n(k). Let z = 132 + -129. Determine x(z).
5
Let c = -8 + 17. Let z be (-1)/(-3) - 3/c. Let b(y) = -10*y**2 + 3 + 4*y**2 + 1 - y + 5*y**2. Calculate b(z).
4
Let x(l) = l**2 + 3. Suppose 0*j - 6 = 2*j. Let k be x(j). Let f(y) = 1 - 12*y - y**3 + k*y. Calculate f(1).
0
Let b(i) be the second derivative of -5/6*i**3 + 0 + 0*i**2 + 5*i. Let p be (-14)/10 - 4/(-10). Give b(p).
5
Let j(z) = 2*z + 6. Let a be (3 + 21/(-9))/((-1)/